66)/9)/(5/(-15)) a composite number?
True
Let s = -2661 + 3874. Is s prime?
True
Suppose 0 = 2*q - 2 - 6. Let n(s) = 4*s**2 - 3*s + 1. Is n(q) composite?
False
Let m(j) = j**2 + 9*j + 1. Suppose -2*s - 5*r = 47, -5 = s + r + 11. Is m(s) a composite number?
False
Suppose m + 2*m - 9 = 0. Suppose -w + 72 = m*w. Let p = w - -109. Is p a composite number?
False
Let c(f) = f**2 + 8*f - 6. Let b be c(6). Suppose b = 3*u - 24. Is u a composite number?
True
Let o be (1 - -1)*(1 - 0). Suppose -o*k + 5 = -5. Suppose -k*q - 10 = 0, -4*m = -0*m + 2*q - 336. Is m a prime number?
False
Let q(a) = -a**2 - a - 2. Let m be q(0). Is (-148)/(-20) + m/5 prime?
True
Suppose 0 = q + 2*q - 15. Suppose -51 = -3*o + 3*y, 0 = 4*o + q*y - 34 + 2. Suppose 0*l + o = l. Is l prime?
True
Suppose 11*x - 6*x - 6590 = 0. Is x a prime number?
False
Suppose 4*b - b + 5*k - 40 = 0, -3*b = -3*k. Suppose -t - 5*d = -3, 5*d - 2 = t - b. Is t a composite number?
False
Let r(q) = 6*q**2 - 4*q + 1. Let w = 10 + -7. Is r(w) a composite number?
False
Let p(z) = 5*z - 9. Let u(l) = 4*l - 2 - l + 0*l. Let i be u(3). Is p(i) a prime number?
False
Let t be (3 - 3) + -2 + 10. Suppose -4*v + t - 25 = -c, -v + 22 = 5*c. Suppose 9 - 104 = -c*p. Is p a prime number?
True
Let i(s) = 4*s**2 - 9*s + 4. Is i(33) composite?
True
Let j(h) = -2 + 2 - 4*h - 2 - 1. Let m be j(-5). Let c = 36 + m. Is c a prime number?
True
Suppose v - 1151 = 3*o, 0*o = 5*v - 2*o - 5794. Suppose 0 = 5*b + 3*h - 1457, -h = -b + 5*b - v. Is b prime?
False
Let g be 0 - (2 - (-4)/(-2)). Let t(m) = m**2 - 1. Let r(y) = -7*y**2 + 125. Let a(b) = r(b) + 6*t(b). Is a(g) composite?
True
Let s(r) = 200*r + 77. Is s(7) a prime number?
False
Let l(u) = -u**3 - u + 1. Let k(h) = 6*h**2 + 6*h + 4. Let o(c) = -k(c) + l(c). Is o(-5) composite?
False
Let g be 3/(-12) - 42/(-8). Let j(s) = 8*s - 4. Let x be j(4). Suppose v = g*v - x. Is v composite?
False
Suppose 3*v - 2*b = 18 + 2, -5*b = 20. Suppose 2*p - p = -v*x - 3688, -3688 = 4*x + 4*p. Is (-2)/9 + x/(-18) composite?
True
Suppose 4*k = 118 + 286. Suppose 0 = 2*j - 11 - 59. Suppose -j + k = 3*m. Is m a composite number?
True
Let j(l) be the third derivative of l**4/6 - 5*l**3/6 - 4*l**2. Let v be j(8). Suppose -v = 5*u - 202. Is u a composite number?
True
Suppose 0 = m + d - 346, 1653 + 42 = 5*m - 2*d. Is m a composite number?
True
Let n(q) = -q + 8. Let f be n(6). Suppose -3*w + 1435 = f*w. Is w a prime number?
False
Let o = 7 - 0. Let n be 204/(-28) + 2/o. Is (-257)/n - 10/(-35) composite?
False
Let f(d) = 4*d + 4. Let g be f(8). Is 476/g - 2/9 a prime number?
True
Suppose -7*f + 11 = -2*f - q, 4*f + 5*q = 3. Suppose -f*x - 5 + 50 = 3*d, 0 = 5*x. Suppose -410 - d = -5*a. Is a a prime number?
False
Let a(q) be the second derivative of 25*q**4/12 + 3*q**2/2 - q. Let c be a(-3). Suppose 3*z - t - 204 = 0, 5*z - 2*t - c = 111. Is z a composite number?
True
Let t be 2/(-5) - (-1034)/10. Let q = -56 + t. Is q a composite number?
False
Let s(a) = a + 9. Let k be s(-16). Let b(h) = 5 + h + 6*h**2 + h + 4*h. Is b(k) prime?
True
Let i be 7 + -2 + 0/(-3). Let r(y) = -7*y**3 - 2*y**2 + 3*y - 9. Let j(l) = l**3 + l**2 - l + 1. Let b(q) = -6*j(q) - r(q). Is b(i) prime?
True
Suppose -3*v - 2 = -4*w, -3*v - 11 + 4 = w. Let g = -2 - v. Suppose 0 = -g*l + 3*l - 165. Is l a prime number?
False
Let b(l) = 122*l**3 + l**2 + l + 3. Let x be b(3). Suppose 3*r = x - 1143. Let j = r - 487. Is j a prime number?
False
Let t = -7 + 7. Suppose t = -0*v - 3*v + 57. Is v a prime number?
True
Is 6056/3 + 5 + (-84)/18 prime?
False
Let k be 3*(7/(-3) + 3). Suppose -5*p - k*h = -261, h + 108 = 2*p - 0*h. Is p composite?
False
Is ((-2)/6)/((-1)/4533) a composite number?
False
Suppose 4*a - 1827 = -5*b + 1730, 0 = 3*a + 5*b - 2669. Suppose 0 = -2*o - 0*o - 4*k + 454, -4*o + a = -2*k. Is o prime?
True
Suppose -2 = -4*l + 330. Is l prime?
True
Let m = -12 - -30. Let f = 17 + m. Is f prime?
False
Suppose 1313 + 1459 = 4*p. Is 1 - -1 - p/(-9) prime?
True
Let k = -82 + 58. Suppose -3*p + 9 = 3*j, -4*p - 3*j + 13 = -0*j. Is (-2)/((k/573)/p) composite?
False
Let g(o) = o**2 + 2*o - 6. Let t be g(-5). Is (-2)/t - (-736)/72 composite?
True
Suppose 2*h = -4*t + h + 185, 2*t + h - 91 = 0. Is t composite?
False
Let f(m) = 23*m**2 + 1. Let d be f(1). Let v = 45 - d. Is v composite?
True
Let k be 15*1*(-1)/(-3). Let v(h) = 18*h - 5. Is v(k) composite?
True
Suppose 2*q = -q - g + 1627, 0 = -3*g + 12. Is q prime?
True
Let j(v) = 14*v**2 + 14*v - 7. Is j(9) a prime number?
False
Let k = -38 - -53. Is 394/6 + (-10)/k composite?
True
Suppose -2*k + 1 = 2*h - 5, 2*k = 2*h + 14. Let j be 4/h + (-10)/(-2). Suppose -5 = -u - j*t + 4, 0 = 3*u + t - 59. Is u prime?
False
Let d(i) = -i**3 + 10*i**2 - 9*i + 5. Let y be (-2 - -1)/(-1)*8. Let q be d(y). Let h = q - 26. Is h a prime number?
False
Suppose 284 = 3*y + y. Is y a prime number?
True
Suppose c = 153 - 11. Suppose 4*s = 9 - 1. Suppose -c - 88 = -s*x. Is x a prime number?
False
Suppose -i - 4*i - 5 = 0. Let x(q) = 22*q**2 + q + 1. Is x(i) composite?
True
Let f(b) = -b**3 + 6*b**2 + 11*b - 5. Suppose -2*a = 3*a - 35. Is f(a) a composite number?
False
Let m(g) = -g + 10. Let x be m(9). Is -3 - (-55 + -4 + x) composite?
True
Suppose 4*u + 3*w + 4 = -0, -3*u - 2 = 2*w. Let q be 102/9 - 2/(-3). Suppose -26 = -u*a + q. Is a composite?
False
Let c = -454 + 1044. Suppose -5*b = -3*b - c. Is b composite?
True
Suppose 3*x + 0*x = -h + 191, 4*x - 2*h = 268. Is x a composite number?
True
Suppose -4*b = 4*n - 96, 5*b - 4*n - 96 = -3*n. Suppose 3*g + 50 = -2*g. Let r = g + b. Is r composite?
True
Let o(z) be the third derivative of 7*z**4/24 + z**3 - 3*z**2. Is o(7) a prime number?
False
Suppose 13 = 4*q - 15. Let t(s) = 7 + 21*s**2 + 17*s**2 - 39*s**2 + 9*s. Is t(q) a composite number?
True
Suppose -2*b = -4*l - 4*b + 498, -4*l + 518 = -2*b. Is l composite?
False
Let j be 2 + (1 - 3) - 14. Suppose 75 = -0*m - 3*m. Let r = j - m. Is r composite?
False
Suppose -2*o = -5*o + 495. Let c = 94 - o. Let r = c + 104. Is r a prime number?
False
Suppose -4*h + 5682 + 1226 = 0. Is h composite?
True
Suppose -5*a + 3 = -2*a. Is (0 + a)/(3/99) a composite number?
True
Suppose 4*c + 0*c - 140 = 0. Suppose 5*x = -0*x + c. Is x a composite number?
False
Suppose -n - 4*j = -24, -3*n = -5*n + 2*j - 2. Suppose -4*o - 12 - 8 = 0, -2*o + 382 = n*d. Suppose -d = -4*k + 42. Is k a prime number?
False
Suppose -2*i = -82 - 0. Let s be (2/(-3))/(4/(-780)). Let j = s - i. Is j composite?
False
Is (-37 + 3)*(-12 - -1) + -1 composite?
False
Is -1687*(-2)/((-4)/(-2) - 0) composite?
True
Let s be (-11)/(-5) - 3/15. Suppose -s*o + 3*d = -d - 274, 145 = o - 4*d. Is o prime?
False
Suppose 6*y - 3*y = 54. Suppose y - 139 = -m. Is m composite?
True
Suppose 0 = -2*k - i + 193, -k - 4*i + 1 + 113 = 0. Let y = k - 7. Is y a prime number?
False
Suppose 2*z + 11 = -221. Let i = z + 375. Is i a prime number?
False
Suppose j + 5170 = z, 10343 = 2*z - 0*j - j. Is z prime?
False
Let u = 649 - -1368. Is u composite?
False
Suppose 0*n = n. Let c be (n - -202)/(0 - -1). Let k = c - 89. Is k prime?
True
Suppose 0*u = 3*u - 2*w - 26, 4*w - 28 = -2*u. Is u composite?
True
Let s = -110 + 46. Let a = 49 - s. Is a a composite number?
False
Let y(f) = 8*f**2 - 8*f + 19. Is y(6) a composite number?
True
Let o = 2 - 0. Suppose 5*k + 5*j - 254 = 121, -152 = -o*k - 4*j. Suppose -2*p = -v - k, -p - 2*v + 27 = -0*v. Is p prime?
False
Suppose 7*x - 33 = 4*x + 3*a, -5*x - 4*a = -64. Is (-10 - 0)*(-1398)/x prime?
False
Suppose -2*d + 67 = -43. Is d a composite number?
True
Suppose -5*j - 150 = -785. Is j prime?
True
Suppose -3*p + 0*p = 0. Suppose 5*v - 3*c - 1273 = -p*v, 4*v + 4*c = 1044. Is v a prime number?
True
Suppose -3*b + 28 = -b. Let z = b + -9. Let s(k) = 2*k + 1. Is s(z) a prime number?
True
Suppose 0*g = -4*g - 12. Suppose -190 = 22*k - 27*k. Is (-1 + -2)/(g/k) a composite number?
True
Let p be (3 + -2)*1 + 3. Suppose -j + p = -0*j. Suppose 0 = -3*u - j*x + 47, -3*x - 22 = -4*u + 24. Is u a composite number?
False
Let m(s) = 5*s**2 - 2*s - 5. Is m(12) a composite number?
False
Let h be -1 + (0 - 1)*9. Is (-2)/h*83*5 prime?
True
Suppose -v = -3*z + 5*z - 125, -140 = -v + 3*z. Is v a prime number?
True
Suppose 3 = d + 5. Let f(y) = -y**3 + 3*y + 3. Let 